{"id":171,"date":"2018-06-08T14:36:54","date_gmt":"2018-06-08T14:36:54","guid":{"rendered":"http:\/\/viettradecompass.com\/?page_id=171"},"modified":"2025-12-28T08:47:20","modified_gmt":"2025-12-28T08:47:20","slug":"doi-tac-kinh-doanh","status":"publish","type":"page","link":"http:\/\/viettradecompass.com\/index.php\/vi\/doi-tac-kinh-doanh\/","title":{"rendered":"\u0110\u1ed0I T\u00c1C KINH DOANH"},"content":{"rendered":"<h2><span style=\"color: #ffffff;\">&#8230;<\/span><\/h2>\n<p><img loading=\"lazy\" decoding=\"async\" class=\"alignnone size-medium wp-image-400\" src=\"http:\/\/viettradecompass.com\/wp-content\/uploads\/2021\/04\/AccEssMeeting-Moscow-2021-picture1-1-300x234.png\" alt=\"\" width=\"300\" height=\"234\" srcset=\"http:\/\/viettradecompass.com\/wp-content\/uploads\/2021\/04\/AccEssMeeting-Moscow-2021-picture1-1-300x234.png 300w, http:\/\/viettradecompass.com\/wp-content\/uploads\/2021\/04\/AccEssMeeting-Moscow-2021-picture1-1.png 626w\" sizes=\"(max-width: 300px) 100vw, 300px\" \/><\/p>\n<p><img loading=\"lazy\" decoding=\"async\" class=\"alignnone size-medium wp-image-763\" src=\"http:\/\/viettradecompass.com\/wp-content\/uploads\/2025\/08\/Missouri-DED-Logo-2022-1-300x241.png\" alt=\"\" width=\"300\" height=\"241\" srcset=\"http:\/\/viettradecompass.com\/wp-content\/uploads\/2025\/08\/Missouri-DED-Logo-2022-1-300x241.png 300w, http:\/\/viettradecompass.com\/wp-content\/uploads\/2025\/08\/Missouri-DED-Logo-2022-1-1024x823.png 1024w, http:\/\/viettradecompass.com\/wp-content\/uploads\/2025\/08\/Missouri-DED-Logo-2022-1-768x617.png 768w, http:\/\/viettradecompass.com\/wp-content\/uploads\/2025\/08\/Missouri-DED-Logo-2022-1-1536x1234.png 1536w, http:\/\/viettradecompass.com\/wp-content\/uploads\/2025\/08\/Missouri-DED-Logo-2022-1-2048x1645.png 2048w\" sizes=\"(max-width: 300px) 100vw, 300px\" \/><\/p>\n<p>S\u1edf Ph\u00e1t tri\u1ec3n Kinh t\u1ebf bang Missouri (Missouri DED) l\u00e0 m\u1ed9t c\u01a1 quan thu\u1ed9c ch\u00ednh quy\u1ec1n bang Missouri. S\u1edf \u0111\u01b0\u1ee3c th\u00e0nh l\u1eadp nh\u1eb1m th\u00fac \u0111\u1ea9y t\u0103ng tr\u01b0\u1edfng kinh t\u1ebf t\u1ea1i bang Missouri v\u00e0 h\u1ed7 tr\u1ee3 c\u00e1c c\u1ed9ng \u0111\u1ed3ng \u0111\u1ecba ph\u01b0\u01a1ng ph\u00e1t tri\u1ec3n v\u00e0 th\u1ecbnh v\u01b0\u1ee3ng.<\/p>\n<p>Ch\u00fang t\u00f4i h\u1ed7 tr\u1ee3 c\u00e1c doanh nghi\u1ec7p Missouri m\u1edf r\u1ed9ng ho\u1ea1t \u0111\u1ed9ng xu\u1ea5t kh\u1ea9u sang c\u00e1c th\u1ecb tr\u01b0\u1eddng t\u1ea1i \u0110\u00f4ng Nam \u00c1, \u0111\u1ed3ng th\u1eddi h\u1ee3p t\u00e1c v\u1edbi c\u00e1c c\u00f4ng ty qu\u1ed1c t\u1ebf \u0111ang t\u00ecm c\u00e1ch ti\u1ebfp c\u1eadn ho\u1eb7c c\u1ee7ng c\u1ed1 s\u1ef1 hi\u1ec7n di\u1ec7n c\u1ee7a h\u1ecd t\u1ea1i Hoa K\u1ef3.<\/p>\n<h2><span style=\"color: #ffffff;\">&#8230;<\/span><\/h2>\n<p><img loading=\"lazy\" decoding=\"async\" class=\"alignnone wp-image-694 size-medium\" src=\"http:\/\/viettradecompass.com\/wp-content\/uploads\/2023\/06\/Trade-Commission-Service-of-Canada-2-1-300x149.png\" alt=\"\" width=\"300\" height=\"149\" srcset=\"http:\/\/viettradecompass.com\/wp-content\/uploads\/2023\/06\/Trade-Commission-Service-of-Canada-2-1-300x149.png 300w, http:\/\/viettradecompass.com\/wp-content\/uploads\/2023\/06\/Trade-Commission-Service-of-Canada-2-1.png 492w\" sizes=\"(max-width: 300px) 100vw, 300px\" \/><\/p>\n<p>Trade Commissioner Service gi\u00fap c\u00e1c doanh nghi\u1ec7p Canada t\u1ef1 tin ph\u00e1t tri\u1ec3n b\u1eb1ng c\u00e1ch k\u1ebft n\u1ed1i h\u1ecd v\u1edbi c\u00e1c ch\u01b0\u01a1ng tr\u00ecnh t\u00e0i tr\u1ee3 v\u00e0 h\u1ed7 tr\u1ee3, c\u00e1c c\u01a1 h\u1ed9i qu\u1ed1c t\u1ebf v\u00e0 m\u1ea1ng l\u01b0\u1edbi c\u00e1c \u1ee7y vi\u00ean th\u01b0\u01a1ng m\u1ea1i t\u1ea1i h\u01a1n 160 th\u00e0nh ph\u1ed1 tr\u00ean to\u00e0n th\u1ebf gi\u1edbi.<\/p>\n<h3><span style=\"color: #ffffff;\">&#8230;<\/span><\/h3>\n<p><img loading=\"lazy\" decoding=\"async\" class=\"alignnone wp-image-699 size-full\" src=\"http:\/\/viettradecompass.com\/wp-content\/uploads\/2023\/06\/Catalonia-Trade-Investment-1.png\" alt=\"\" width=\"282\" height=\"98\" \/><\/p>\n<p>Catalonia Trade &amp; Investment la\u0300 v\u0103n pho\u0300ng chi\u0301nh phu\u0309 cu\u0300a vu\u0300ng Catalonia \u2013 T\u00e2y Ban Nha, co\u0301 ch\u01b0\u0301c n\u0103ng chi\u0301nh la\u0300 k\u00ea\u0301t n\u00f4\u0301i va\u0300 xu\u0301c ti\u00ea\u0301n giao th\u01b0\u01a1ng cho ca\u0301c doanh nghi\u00ea\u0323p thu\u00f4\u0323c vu\u0300ng Catalonia (g\u00f4\u0300m Barcelona, Leida, Girona va\u0300 Tarragona) v\u01a1\u0301i ca\u0301c doanh nghi\u00ea\u0323p cu\u0309a \u0110\u00f4ng Nam A\u0301, trong \u0111o\u0301 co\u0301 Vi\u00ea\u0323t Nam. Hi\u00ea\u0323n t\u1ea1i, Catalonia Trade &amp; Investment co\u0301 h\u01a1n 40 v\u0103n pho\u0300ng tr\u00ean toa\u0300n th\u00ea\u0301 gi\u01a1\u0301i, ri\u00eang khu v\u01b0\u0323c \u0110\u00f4ng Nam A\u0301 thi\u0300 v\u0103n pho\u0300ng ta\u0323i Singapore la\u0300 v\u0103n pho\u0300ng chi\u0323u tra\u0301ch nhi\u00ea\u0323m chi\u0301nh.<\/p>\n<h3><span style=\"color: #ffffff;\">&#8230;<\/span><\/h3>\n<p><img loading=\"lazy\" decoding=\"async\" class=\"alignnone size-medium wp-image-286\" src=\"http:\/\/viettradecompass.com\/wp-content\/uploads\/2018\/06\/SG-E-logo-1-1-300x92.png\" alt=\"\" width=\"300\" height=\"92\" srcset=\"http:\/\/viettradecompass.com\/wp-content\/uploads\/2018\/06\/SG-E-logo-1-1-300x92.png 300w, http:\/\/viettradecompass.com\/wp-content\/uploads\/2018\/06\/SG-E-logo-1-1-768x236.png 768w, http:\/\/viettradecompass.com\/wp-content\/uploads\/2018\/06\/SG-E-logo-1-1-1024x314.png 1024w\" sizes=\"(max-width: 300px) 100vw, 300px\" \/><\/p>\n<p>Swiss Global Enterprise (S-GE) thay m\u1eb7t cho Li\u00ean bang Th\u1ee5y S\u0129 (Ban Th\u01b0 k\u00fd Nh\u00e0 n\u01b0\u1edbc v\u1ec1 c\u00e1c v\u1ea5n \u0111\u1ec1 kinh t\u1ebf SECO) h\u01b0\u1edbng d\u1eabn v\u00e0 h\u1ed7 tr\u1ee3 c\u00e1c doanh nghi\u1ec7p kh\u00e1ch h\u00e0ng c\u1ee7a m\u00ecnh tr\u00ean con \u0111\u01b0\u1eddng \u0111\u1ebfn c\u00e1c th\u1ecb tr\u01b0\u1eddng m\u1edbi.<\/p>\n<h3><span style=\"color: #ffffff;\">&#8230;<\/span><\/h3>\n<p><strong>C\u00e1c kh\u00e1ch h\u00e0ng\u00a0ti\u00eau bi\u1ec3u:<\/strong><\/p>\n<ul>\n<li>Ph\u00e1i \u0111o\u00e0n th\u01b0\u01a1ng m\u1ea1i v\u1ec1 N\u00f4ng nghi\u1ec7p c\u1ee7a M\u1ef9<\/li>\n<li>C\u00f4ng ty \u00dac cung c\u1ea5p d\u00e2y chuy\u1ec1n thi\u1ebft b\u1ecb cho ng\u00e0nh th\u00e9p<\/li>\n<li>C\u00f4ng ty \u00dac s\u1ea3n xu\u1ea5t m\u00e1y n\u01b0\u1edbc n\u00f3ng n\u0103ng l\u01b0\u1ee3ng m\u1eb7t tr\u1eddi<\/li>\n<li>C\u00f4ng ty d\u1ecbch v\u1ee5 t\u00e0i ch\u00ednh Canada<\/li>\n<li>C\u00f4ng ty d\u1ecbch v\u1ee5 \u0111\u1ecbnh c\u01b0 Canada<\/li>\n<li>C\u00f4ng ty s\u1ea3n xu\u1ea5t thi\u1ebft b\u1ecb x\u1ebfp d\u1ee1 Th\u1ee5y s\u0129<\/li>\n<li>C\u00f4ng ty s\u1ea3n xu\u1ea5t s\u1ea3n ph\u1ea9m chuy\u00ean d\u00f9ng cho tr\u1ebb em Ch\u00e2u \u00c2u<\/li>\n<li>Nh\u00e0 cung c\u1ea5p s\u1ea3n ph\u1ea9m ng\u00e0nh s\u1eefa Ch\u00e2u \u00c2u<\/li>\n<li>C\u00f4ng ty s\u1ea3n xu\u1ea5t s\u1ea3n ph\u1ea9m d\u1ec7t may \u1ea4n \u0111\u1ed9<\/li>\n<li>C\u00f4ng ty c\u01a1 kh\u00ed ch\u00ednh x\u00e1c\u00a0Th\u1ee5y s\u0129<\/li>\n<li>C\u00f4ng ty s\u1ea3n xu\u1ea5t m\u00e1y n\u00e9n Th\u1ee5y s\u0129<\/li>\n<li>Nh\u00e0 cung c\u1ea5p s\u1ea3n ph\u1ea9m chuy\u00ean d\u00f9ng cho ph\u1ee5 n\u1eef (OTC) Th\u1ee5y s\u0129<\/li>\n<li>C\u00f4ng ty s\u1ea3n xu\u1ea5t th\u1ef1c ph\u1ea9m T\u00e2y Ban Nha<\/li>\n<li>C\u00f4ng ty s\u1ea3n xu\u1ea5t v\u1eadt li\u1ec7u trang tr\u00ed n\u1ed9i th\u1ea5t T\u00e2y Ban Nha<\/li>\n<li>C\u00f4ng ty s\u1ea3n xu\u1ea5t thi\u1ebft b\u1ecb y t\u1ebf T\u00e2y Ban Nha<\/li>\n<li>C\u00f4ng ty s\u1ea3n xu\u1ea5t s\u1ea3n ph\u1ea9m d\u1ec7t nhu\u1ed9m T\u00e2y Ban Nha<\/li>\n<li>C\u00f4ng ty s\u1ea3n xu\u1ea5t ph\u1ee5 li\u1ec7u m\u1ef9 ph\u1ea9m Nh\u1eadt<\/li>\n<\/ul>\n","protected":false},"excerpt":{"rendered":"<p>&#8230; S\u1edf Ph\u00e1t tri\u1ec3n Kinh t\u1ebf bang Missouri (Missouri DED) l\u00e0 m\u1ed9t c\u01a1 quan thu\u1ed9c&#8230;<\/p>\n","protected":false},"author":1,"featured_media":167,"parent":0,"menu_order":0,"comment_status":"closed","ping_status":"closed","template":"","meta":{"footnotes":""},"lang":"vi","translations":{"vi":171,"en":165},"pll_sync_post":[],"_links":{"self":[{"href":"http:\/\/viettradecompass.com\/index.php\/wp-json\/wp\/v2\/pages\/171"}],"collection":[{"href":"http:\/\/viettradecompass.com\/index.php\/wp-json\/wp\/v2\/pages"}],"about":[{"href":"http:\/\/viettradecompass.com\/index.php\/wp-json\/wp\/v2\/types\/page"}],"author":[{"embeddable":true,"href":"http:\/\/viettradecompass.com\/index.php\/wp-json\/wp\/v2\/users\/1"}],"replies":[{"embeddable":true,"href":"http:\/\/viettradecompass.com\/index.php\/wp-json\/wp\/v2\/comments?post=171"}],"version-history":[{"count":35,"href":"http:\/\/viettradecompass.com\/index.php\/wp-json\/wp\/v2\/pages\/171\/revisions"}],"predecessor-version":[{"id":817,"href":"http:\/\/viettradecompass.com\/index.php\/wp-json\/wp\/v2\/pages\/171\/revisions\/817"}],"wp:featuredmedia":[{"embeddable":true,"href":"http:\/\/viettradecompass.com\/index.php\/wp-json\/wp\/v2\/media\/167"}],"wp:attachment":[{"href":"http:\/\/viettradecompass.com\/index.php\/wp-json\/wp\/v2\/media?parent=171"}],"curies":[{"name":"wp","href":"https:\/\/api.w.org\/{rel}","templated":true}]}}