{"id":647,"date":"2022-10-01T04:38:08","date_gmt":"2022-10-01T04:38:08","guid":{"rendered":"http:\/\/viettradecompass.com\/?page_id=647"},"modified":"2022-10-04T15:35:36","modified_gmt":"2022-10-04T15:35:36","slug":"visa-dinh-cu-uc-dien-doanh-nhan-dau-tu","status":"publish","type":"page","link":"http:\/\/viettradecompass.com\/index.php\/visa-dinh-cu-uc-dien-doanh-nhan-dau-tu\/","title":{"rendered":"VISA \u0110\u1ecaNH C\u01af \u00daC DI\u1ec6N DOANH NH\u00c2N, \u0110\u1ea6U T\u01af"},"content":{"rendered":"\n<p style=\"font-size:20px\"><strong>Visa 188A (Business Innovation stream \u2013 Subclass 188A): Doanh Nh\u00e2n S\u00e1ng T\u1ea1o<\/strong><\/p>\n\n\n\n<p>L\u00e0 visa \u0111\u1ecbnh c\u01b0 t\u1ea1m tr\u00fa c\u00f3 th\u1eddi h\u1ea1n t\u1ea1m tr\u00fa l\u00e0 5 n\u0103m v\u00e0 c\u1ea7n \u0111\u1ea1t \u0111i\u1ec1u ki\u1ec7n \u0111\u1ec3 xin l\u00ean Th\u01b0\u1eddng tr\u00fa nh\u00e2n (PR).<\/p>\n\n\n\n<p>D\u00e0nh cho nh\u1eefng doanh nh\u00e2n, c\u1ed5 \u0111\u00f4ng l\u1edbn c\u1ee7a doanh nghi\u1ec7p c\u00f3 doanh thu t\u1eeb 750.000 AUD (kho\u1ea3ng 14 t\u1ef7 \u0111\u1ed3ng) c\u00f3 mong mu\u1ed1n kinh doanh, l\u00e0m \u0103n v\u00e0 \u0111\u1ecbnh c\u01b0 \u1edf \u00dac.<\/p>\n\n\n\n<p>M\u1ee9c \u0111\u1ea7u t\u01b0: t\u1eeb 300.000 AUD (~4,9 t\u1ef7 \u0111\u1ed3ng), t\u00f9y bang s\u1ebd c\u00f3 m\u1ee9c \u0111\u1ea7u t\u01b0 kh\u00e1c nhau.<\/p>\n\n\n\n<p><strong>\u0110i\u1ec1u ki\u1ec7n c\u1ea7n &#8211; Visa 188A:<\/strong><\/p>\n\n\n\n<ul><li>D\u01b0\u1edbi 55 tu\u1ed5i (c\u00f3 ngo\u1ea1i l\u1ec7)<\/li><li>C\u00f3 k\u1ebf ho\u1ea1ch \u0111\u1ea7u t\u01b0 kinh doanh v\u00e0o \u00dac thuy\u1ebft ph\u1ee5c v\u00e0 nh\u1eadn \u0111\u01b0\u1ee3c b\u1ea3o l\u00e3nh t\u1eeb Ti\u1ec3u Bang th\u00e0nh c\u00f4ng.<\/li><li>S\u1edf h\u1eefu v\u00e0 \u0111i\u1ec1u h\u00e0nh m\u1ed9t ho\u1eb7c nhi\u1ec1u doanh nghi\u1ec7p h\u1ee3p l\u1ec7 v\u1edbi quy \u0111\u1ecbnh c\u1ee7a lu\u1eadt di tr\u00fa \u00dac.<\/li><li>C\u00f3 s\u1ef1 nghi\u1ec7p qu\u1ea3n l\u00fd kinh doanh th\u00e0nh c\u00f4ng.<\/li><li>Doanh nghi\u1ec7p c\u1ee7a b\u1ea1n \u0111\u1ea1t \u0111\u01b0\u1ee3c doanh thu t\u1ed1i thi\u1ec3u 750.000 AUD (\u00e1p d\u1ee5ng t\u1eeb 01\/07\/2021) \u1edf 2 n\u0103m trong 4 n\u0103m g\u1ea7n nh\u1ea5t.<\/li><li>T\u00edch lu\u1ef9 t\u00e0i s\u1ea3n r\u00f2ng t\u1ed1i thi\u1ec3u 1.25 tri\u1ec7u AUD (\u00e1p d\u1ee5ng t\u1eeb 01\/07\/2021).<\/li><li>V\u01b0\u1ee3t qua thang \u0111i\u1ec3m \u0111\u00e1nh gi\u00e1 65 \u0111i\u1ec3m c\u1ee7a ch\u00ednh ph\u1ee7 \u00dac \u00e1p d\u1ee5ng t\u1eeb 01\/07\/21. C\u00e1c h\u1ed3 s\u01a1 th\u1ea5p h\u01a1n 65 \u0111i\u1ec3m v\u00e0 \u0111\u1ea1t t\u1ed1i thi\u1ec3u 55 \u0111i\u1ec3m v\u1eabn c\u00f3 c\u01a1 h\u1ed9i v\u00e0 c\u1ea7n tho\u1ea3 m\u1ed9t s\u1ed1 \u0111i\u1ec1u ki\u1ec7n \u0111\u1eb7c bi\u1ec7t \u0111\u1ec3 xin \u0111\u01b0\u1ee3c visa 188A th\u00e0nh c\u00f4ng.<\/li><\/ul>\n\n\n\n<p style=\"font-size:20px\"><strong>Visa 188B (Investor stream \u2013 Subclass 188B):                          Nh\u00e0 \u0111\u1ea7u t\u01b0 t\u00e0i ch\u00ednh \u00dac<\/strong><\/p>\n\n\n\n<p>Di\u1ec7n visa \u0111\u1ea7u t\u01b0 t\u00e0i ch\u00ednh \u00dac d\u00e0nh cho nh\u1eefng nh\u00e0 \u0111\u1ea7u t\u01b0 (b\u1ea5t \u0111\u1ed9ng s\u1ea3n, c\u1ed5 phi\u1ebfu, t\u00e0i ch\u00ednh), doanh nh\u00e2n \u0111\u1ea7u t\u01b0 t\u1ed1i thi\u1ec3u 2,5 tri\u1ec7u AUD v\u00e0o c\u00e1c Qu\u1ef9 h\u1ee3p ph\u00e1p t\u1ea1i \u00dac.<\/p>\n\n\n\n<p>L\u00e0 visa \u0111\u1ecbnh c\u01b0 t\u1ea1m tr\u00fa 5 n\u0103m c\u00f3 \u0111i\u1ec1u ki\u1ec7n l\u00ean th\u01b0\u1eddng tr\u00fa nh\u00e2n (PR).<\/p>\n\n\n\n<p>M\u1ee9c \u0111\u1ea7u t\u01b0: 2,5 tri\u1ec7u AUD (~43,8 t\u1ef7 \u0111\u1ed3ng).<\/p>\n\n\n\n<p><strong>\u0110i\u1ec1u ki\u1ec7n c\u1ea7n &#8211; Visa 188B<\/strong><\/p>\n\n\n\n<ul><li>D\u01b0\u1edbi 55 tu\u1ed5i<\/li><li>C\u1ea7n c\u00f3 bang b\u1ea3o l\u00e3nh\/ti\u1ebfn c\u1eed.<\/li><li>B\u1ea1n c\u00f3 th\u1ec3 l\u00e0 ch\u1ee7 doanh nghi\u1ec7p ho\u1eb7c l\u00e0 kh\u00f4ng, nh\u01b0ng c\u1ea7n ph\u1ea3i c\u00f3 kinh nghi\u1ec7m \u0111\u1ea7u t\u01b0, kinh doanh \u0111\u1ec3 c\u00f3 th\u1ec3 n\u1ed9p h\u1ed3 s\u01a1 di\u1ec7n \u0111\u1ea7u t\u01b0 t\u00e0i ch\u00ednh. \u0110i\u1ec1u ki\u1ec7n c\u01a1 b\u1ea3n c\u1ee7a visa n\u00e0y l\u00e0 b\u1ea1n s\u1ebd c\u1ea7n \u0111\u1ea7u t\u01b0 t\u00e0i ch\u00ednh t\u1ed1i thi\u1ec3u 2,5 tri\u1ec7u \u0111\u00f4la \u00dac v\u00e0o c\u00e1c h\u1ea1ng m\u1ee5c \u0111\u1ea7u t\u01b0 l\u1edbn h\u1ee3p l\u1ec7 (CSI).<\/li><li>V\u01b0\u1ee3t qua thang \u0111i\u1ec3m \u0111\u00e1nh gi\u00e1 65 \u0111i\u1ec3m c\u1ee7a ch\u00ednh ph\u1ee7 \u00dac, theo thang \u0111i\u1ec3m \u00e1p d\u1ee5ng t\u1eeb 01\/07\/2021.<\/li><\/ul>\n\n\n\n<p style=\"font-size:20px\"><strong>Visa 188C (Significant Investor stream \u2013 Subclass 188C): <\/strong>     <strong>Nh\u00e0 \u0111\u1ea7u t\u01b0 tr\u1ecdng y\u1ebfu<\/strong><\/p>\n\n\n\n<p>Visa 188C &#8211; Nh\u00e0 \u0111\u1ea7u t\u01b0 l\u1edbn (Significant Investor) l\u00e0 visa r\u1ea5t \u0111\u1eb7c bi\u1ec7t d\u00e0nh cho c\u00e1c nh\u00e0 \u0111\u1ea7u t\u01b0 c\u00f3 ti\u1ec1m l\u1ef1c t\u00e0i ch\u00ednh, mong mu\u1ed1n \u0111\u1ea7u t\u01b0 \u00edt nh\u1ea5t 5 tri\u1ec7u \u0111\u00f4la \u00dac \u0111\u1ec3 \u0111\u1ecbnh c\u01b0 t\u1ea1i \u00dac c\u00f9ng gia \u0111\u00ecnh.<\/p>\n\n\n\n<p>Visa 188C kh\u00f4ng h\u1ea1n ch\u1ebf v\u1ec1 \u0111\u1ed9 tu\u1ed5i, b\u1eb1ng c\u1ea5p, anh ng\u1eef v\u00e0 kh\u00f4ng y\u00eau c\u1ea7u ch\u1ee9ng minh ngu\u1ed3n g\u1ed1c t\u00e0i s\u1ea3n.<\/p>\n\n\n\n<p>M\u1ee9c \u0111\u1ea7u t\u01b0: 5 tri\u1ec7u AUD (~87,5 t\u1ef7 \u0111\u1ed3ng).<\/p>\n\n\n\n<p><strong>\u0110i\u1ec1u ki\u1ec7n c\u1ea7n<\/strong><strong> &#8211; Visa 188C<\/strong><\/p>\n\n\n\n<ul><li>C\u1ea7n c\u00f3 bang b\u1ea3o l\u00e3nh\/ti\u1ebfn c\u1eed ho\u1eb7c n\u1ed9p tr\u1ef1c ti\u1ebfp cho Austrade (B\u1ed9 Th\u01b0\u01a1ng M\u1ea1i \u00dac)<\/li><li>C\u00f3 th\u01b0 m\u1eddi n\u1ed9p h\u1ed3 s\u01a1 v\u00e0o h\u1ec7 th\u1ed1ng SkillSelect \u2013 L\u1ef1a ch\u1ecdn K\u1ef9 n\u0103ng.<\/li><li>S\u1eb5n s\u00e0ng \u0111\u1ea7u t\u01b0 kho\u1ea3n t\u00e0i ch\u00ednh 5 tri\u1ec7u \u0111\u00f4la \u00dac v\u00e0o g\u00f3i \u0111\u1ea7u t\u01b0 theo y\u00eau c\u1ea7u c\u1ee7a ch\u00ednh ph\u1ee7 \u00dac nh\u01b0 sau:<\/li><li>\u0110\u1ea7u t\u01b0 \u00edt nh\u1ea5t 1 tri\u1ec7u AUD v\u00e0o c\u00e1c c\u00f4ng ty Start-up, c\u00f4ng ty nh\u1ecf, th\u00f4ng qua c\u00e1c Qu\u1ef9 \u0110\u1ea7u T\u01b0 M\u1ea1o Hi\u1ec3m v\u00e0 Qu\u1ef9 Tr\u1ee3 V\u1ed1n<\/li><li>\u0110\u1ea7u t\u01b0 \u00edt nh\u1ea5t 1.5 tri\u1ec7u AUD v\u00e0o c\u1ed5 phi\u1ebfu c\u00f4ng ty m\u1edbi n\u1ed5i (Emerging Companies), ni\u00eam y\u1ebft tr\u00ean s\u00e0n ch\u1ee9ng kho\u00e1n \u00dac th\u00f4ng qua Qu\u1ef9 Qu\u1ea3n L\u00fd \u0110\u1ea7u T\u01b0<\/li><li>\u0110\u1ea7u t\u01b0 \u00edt nh\u1ea5t 2.5 tri\u1ec7u AUD v\u00e0o c\u1ed5 phi\u1ebfu, tr\u00e1i phi\u1ebfu doanh nghi\u1ec7p, tr\u00e1i phi\u1ebfu chuy\u1ec3n \u0111\u1ed5i c\u1ee7a c\u00e1c c\u00f4ng ty ni\u00eam y\u1ebft, b\u1ea5t \u0111\u1ed9ng s\u1ea3n th\u01b0\u01a1ng m\u1ea1i &#8230;, th\u00f4ng qua Qu\u1ef9 Qu\u1ea3n L\u00fd \u0110\u1ea7u T\u01b0<\/li><\/ul>\n\n\n\n<p style=\"font-size:20px\"><strong>Visa 188E (Entrepreneur stream \u2013 Subclass 188E):             Doanh Nh\u00e2n Kh\u1edfi Nghi\u1ec7p<\/strong><\/p>\n\n\n\n<p>Visa 188E Doanh Nh\u00e2n Kh\u1edfi Nghi\u1ec7p l\u00e0 d\u00f2ng visa \u0111\u1ea7u t\u01b0 \u0111\u1ecbnh c\u01b0 \u00dac d\u00e0nh cho b\u1ea5t k\u00ec ai c\u00f3 \u00fd t\u01b0\u1edfng kinh doanh mang t\u00ednh s\u00e1ng t\u1ea1o \u0111\u1ed9t ph\u00e1 v\u00e0 mu\u1ed1n hi\u1ec7n th\u1ef1c ho\u00e1 \u00fd t\u01b0\u1edfng c\u1ee7a m\u00ecnh t\u1ea1i \u00dac \u0111\u1ec3 \u0111\u01b0\u1ee3c c\u1ea5p th\u01b0\u1eddng tr\u00fa \u00dac cho c\u1ea3 gia \u0111\u00ecnh m\u00ecnh.<\/p>\n\n\n\n<p>Visa 188E l\u00e0 visa t\u1ea1m tr\u00fa c\u00f3 th\u1eddi h\u1ea1n 5 n\u0103m v\u00e0 thu\u1ed9c Ch\u01b0\u01a1ng tr\u00ecnh \u0111\u1ecbnh c\u01b0 \u0110\u1ea7u T\u01b0 Kinh Doanh S\u00e1ng T\u1ea1o c\u1ee7a \u00dac (Business Innovation and Investment Program &#8211; BIIP).<\/p>\n\n\n\n<p><strong>\u0110\u01b0\u01a1ng \u0111\u01a1n ph\u00f9 h\u1ee3p<\/strong><\/p>\n\n\n\n<ul><li>D\u01b0\u1edbi 55 tu\u1ed5i<\/li><li>C\u00f3 Anh Ng\u1eef IELTS 6.0 tr\u1edf l\u00ean (t\u1ea5t c\u1ea3 c\u00e1c k\u1ef9 n\u0103ng)<\/li><li>Ch\u00fang t\u00f4i c\u00f3 th\u1ec3 gi\u00fap b\u1ea1n x\u00e2y d\u1ef1ng \u00fd t\u01b0\u1edfng v\u00e0 hi\u1ec7n th\u1ef1c ho\u00e1 \u00fd t\u01b0\u1edfng<\/li><\/ul>\n\n\n\n<p><strong>\u0110i\u1ec1u ki\u1ec7n ch\u00ednh<\/strong><\/p>\n\n\n\n<ul><li>C\u00f3 \u00fd t\u01b0\u1edfng v\u00e0 k\u1ebf ho\u1ea1ch kinh doanh cho ph\u00e1t minh s\u00e1ng t\u1ea1o \u0111\u1ed9t ph\u00e1 c\u1ee7a m\u00ecnh<\/li><li>\u0110\u01b0\u1ee3c ch\u1ea5p thu\u1eadn EOI (Th\u1ec9nh Nguy\u1ec7n Th\u01b0) v\u00e0 \u0111\u01b0\u1ee3c c\u1ea5p B\u1ea3o L\u00e3nh Ti\u1ec3u Bang c\u1ee7a \u00dac<\/li><li>Th\u1ef1c hi\u1ec7n k\u1ebf ho\u1ea1ch kinh doanh sau khi c\u00f3 visa 188E \u0111\u1ec3 ho\u00e0n th\u00e0nh cam k\u1ebft v\u1edbi Ch\u00ednh Ph\u1ee7 v\u00e0 \u0111\u01b0\u1ee3c c\u1ea5p th\u01b0\u1eddng tr\u00fa nh\u00e2n sau 5 n\u0103m<\/li><li>Nh\u1eadn t\u00e0i tr\u1ee3 200.000 AUD t\u1eeb m\u1ed9t t\u1ed5 ch\u1ee9c \u0111\u01b0\u1ee3c ph\u00ea duy\u1ec7t t\u1eeb m\u1ed9t trong c\u00e1c \u0111\u01a1n v\u1ecb sau:<ul><li>C\u01a1 quan Ch\u00ednh ph\u1ee7 Li\u00ean bang<\/li><li>Ch\u00ednh ph\u1ee7 Ti\u1ec3u bang ho\u1eb7c L\u00e3nh th\u1ed5<\/li><li>C\u01a1 quan t\u00e0i tr\u1ee3 v\u1ec1 l\u0129nh v\u1ef1c nghi\u00ean c\u1ee9u<\/li><li>Nh\u00e0 \u0111\u1ea7u t\u01b0 \u0111\u00e3 \u0111\u0103ng k\u00fd v\u1edbi t\u01b0 c\u00e1ch l\u00e0 \u0111\u1ed1i t\u00e1c h\u1ee3p danh \u0111\u1ea7u t\u01b0 m\u1ea1o hi\u1ec3m c\u1ee7a \u00dac<\/li><li>Nh\u00e0 cung c\u1ea5p gi\u00e1o d\u1ee5c \u0111\u1ea1i h\u1ecdc \u0111\u01b0\u1ee3c ch\u1ec9 \u0111\u1ecbnh<\/li><\/ul><\/li><\/ul>\n\n\n\n<p><strong>Visa 188E<\/strong><strong> &#8211; \u0110i\u1ec3m \u0111\u1eb7c bi\u1ec7t<\/strong><\/p>\n\n\n\n<ul><li>Th\u1eddi gian x\u1eed l\u00fd h\u1ed3 s\u01a1 nhanh t\u1eeb 12-16 th\u00e1ng<\/li><li>Ph\u00f9 h\u1ee3p v\u1edbi c\u00e1c \u0111\u1ed1i t\u01b0\u1ee3ng l\u00e0 du h\u1ecdc sinh, doanh nh\u00e2n c\u00f3 \u00fd t\u01b0\u1edfng ph\u00e1t minh s\u00e1ng t\u1ea1o v\u00e0 c\u00f3 t\u00e0i ch\u00ednh<\/li><li>Kh\u00f4ng c\u1ea7n \u0111\u01b0\u01a1ng \u0111\u01a1n \u0111\u1ea7u t\u01b0 m\u1edf doanh nghi\u1ec7p tr\u1ef1c ti\u1ebfp, vi\u1ec7c \u0111\u00f3 c\u00f3 th\u1ec3 \u0111\u01b0\u1ee3c th\u1ef1c hi\u1ec7n b\u1edfi Qu\u1ef9 \u0111\u1ea7u t\u01b0 \u0111\u00e3 cam k\u1ebft c\u1ea5p v\u1ed1n<\/li><li>\u0110i\u1ec3m quan tr\u1ecdng l\u00e0 s\u1ebd r\u1ea5t th\u00e1ch th\u1ee9c \u0111\u1ec3 c\u00f3 th\u1ec3 thuy\u1ebft ph\u1ee5c \u0111\u01b0\u1ee3c Ti\u1ec3u Bang v\u1ec1 \u00fd t\u01b0\u1edfng ph\u00e1t minh \/ s\u00e1ng t\u1ea1o c\u00f3 t\u00ednh \u0111\u1ed9t ph\u00e1 v\u00e0 gi\u00fap \u00edch cho n\u1ec1n kinh t\u1ebf x\u00e3 h\u1ed9i \u00dac hay kh\u00f4ng v\u00e0 th\u00e1ch th\u1ee9c h\u01a1n n\u1eefa l\u00e0 th\u01b0\u01a1ng m\u1ea1i ho\u00e1 th\u00e0nh c\u00f4ng trong 5 n\u0103m sau khi c\u00f3 visa 188E \u0111\u1ec3 l\u1ea5y \u0111\u01b0\u1ee3c th\u01b0\u1eddng tr\u00fa nh\u00e2n \u00dac<\/li><\/ul>\n\n\n\n<p>&gt;&gt;<\/p>\n\n\n\n<p>B\u00ean c\u1ea1nh kinh nghi\u1ec7m h\u01a1n 10 n\u0103m c\u00f4ng t\u00e1c t\u1ea1i T\u1ed5ng L\u00e3nh S\u1ef1 Qu\u00e1n \u00dac, ch\u00fang t\u00f4i \u0111\u1ed3ng th\u1eddi l\u00e0m vi\u1ec7c v\u1edbi c\u00e1c Lu\u1eadt s\u01b0 Di Tr\u00fa \u0110\u1ecbnh c\u01b0 c\u1ee7a \u00dac (accredited Australian Immigration Lawyer) gi\u00e0u kinh nghi\u1ec7m v\u00e0 t\u1eadn t\u00e2m nh\u1eb1m c\u00f3 \u0111\u01b0\u1ee3c ch\u1ea5t l\u01b0\u1ee3ng ph\u1ee5c v\u1ee5 v\u00e0 hi\u1ec7u qu\u1ea3 c\u00f4ng vi\u1ec7c t\u1ed1t nh\u1ea5t.<\/p>\n\n\n\n<p>T\u00ecm hi\u1ec3u v\u00e0 trao \u0111\u1ed5i th\u00eam th\u00f4ng tin vui l\u00f2ng li\u00ean l\u1ec7 v\u1edbi ch\u00fang t\u00f4i qua email:&nbsp;<a href=\"mailto:info@viettradecompass.com\">info@viettradecompass.com<\/a><\/p>\n","protected":false},"excerpt":{"rendered":"<p>Visa 188A (Business Innovation stream \u2013 Subclass 188A): Doanh Nh\u00e2n S\u00e1ng T\u1ea1o L\u00e0 visa \u0111\u1ecbnh&#8230;<\/p>\n","protected":false},"author":1,"featured_media":0,"parent":0,"menu_order":0,"comment_status":"closed","ping_status":"closed","template":"","meta":{"footnotes":""},"lang":"en","translations":{"en":647},"pll_sync_post":[],"_links":{"self":[{"href":"http:\/\/viettradecompass.com\/index.php\/wp-json\/wp\/v2\/pages\/647"}],"collection":[{"href":"http:\/\/viettradecompass.com\/index.php\/wp-json\/wp\/v2\/pages"}],"about":[{"href":"http:\/\/viettradecompass.com\/index.php\/wp-json\/wp\/v2\/types\/page"}],"author":[{"embeddable":true,"href":"http:\/\/viettradecompass.com\/index.php\/wp-json\/wp\/v2\/users\/1"}],"replies":[{"embeddable":true,"href":"http:\/\/viettradecompass.com\/index.php\/wp-json\/wp\/v2\/comments?post=647"}],"version-history":[{"count":8,"href":"http:\/\/viettradecompass.com\/index.php\/wp-json\/wp\/v2\/pages\/647\/revisions"}],"predecessor-version":[{"id":676,"href":"http:\/\/viettradecompass.com\/index.php\/wp-json\/wp\/v2\/pages\/647\/revisions\/676"}],"wp:attachment":[{"href":"http:\/\/viettradecompass.com\/index.php\/wp-json\/wp\/v2\/media?parent=647"}],"curies":[{"name":"wp","href":"https:\/\/api.w.org\/{rel}","templated":true}]}}