{"id":17,"date":"2017-09-19T18:17:45","date_gmt":"2017-09-19T18:17:45","guid":{"rendered":"http:\/\/viettradecompass.com\/?page_id=17"},"modified":"2026-02-12T12:24:58","modified_gmt":"2026-02-12T12:24:58","slug":"dich-vu","status":"publish","type":"page","link":"https:\/\/viettradecompass.com\/index.php\/vi\/dich-vu\/","title":{"rendered":"D\u1ecaCH V\u1ee4"},"content":{"rendered":"<h5><strong>D\u1ecbch v\u1ee5 c\u1ee7a ch\u00fang t\u00f4i bao g\u1ed3m:<\/strong><\/h5>\n<ul>\n<li><strong>X\u00fac ti\u1ebfn th\u01b0\u01a1ng m\u1ea1i, ph\u00e1t tri\u1ec3n th\u1ecb tr\u01b0\u1eddng:<\/strong> \u0110\u1ec3 gi\u00fap kh\u00e1ch h\u00e0ng trong n\u01b0\u1edbc v\u00e0 n\u01b0\u1edbc ngo\u00e0i ph\u00e1t tri\u1ec3n th\u1ecb tr\u01b0\u1eddng t\u1ea1i Vi\u1ec7t Nam v\u00e0 \u0110\u00f4ng Nam \u00c1, ch\u00fang t\u00f4i cung c\u1ea5p d\u1ecbch v\u1ee5 nghi\u00ean c\u1ee9u th\u1ecb tr\u01b0\u1eddng; nghi\u00ean c\u1ee9u t\u00ecm ki\u1ebfm \u0111\u1ed1i t\u00e1c kinh doanh, nh\u00e0 ph\u00e2n ph\u1ed1i; t\u1ed5 ch\u1ee9c s\u1ef1 ki\u1ec7n B2B; h\u1ed7 tr\u1ee3 kh\u00e1ch h\u00e0ng trong vi\u1ec7c th\u0103m vi\u1ebfng th\u1ecb tr\u01b0\u1eddng, v\u00e0 t\u00ecm ki\u1ebfm c\u01a1 h\u1ed9i kinh doanh t\u1ea1i Vi\u1ec7t Nam c\u0169ng nh\u01b0 c\u00e1c th\u1ecb tr\u01b0\u1eddng m\u1ee5c ti\u00eau n\u01b0\u1edbc ngo\u00e0i.<\/li>\n<li><strong>\u0110\u1ea7u t\u01b0 &amp; Th\u00e0nh l\u1eadp doanh nghi\u1ec7p:<\/strong> T\u00f9y theo m\u1ee5c ti\u00eau c\u1ee5 th\u1ec3 c\u1ee7a kh\u00e1ch h\u00e0ng, ch\u00fang t\u00f4i cung c\u1ea5p c\u00e1c d\u1ecbch v\u1ee5 h\u1ed7 tr\u1ee3 kh\u00e1ch h\u00e0ng trong vi\u1ec7c \u0111\u1ea7u t\u01b0, M&amp;A, v\u00e0 th\u00e0nh l\u1eadp doanh nghi\u1ec7p.<\/li>\n<li><strong>D\u1ecbch v\u1ee5 t\u00ecm ki\u1ebfm ngu\u1ed3n cung \u1ee9ng:<\/strong> Ch\u00fang t\u00f4i h\u1ed7 tr\u1ee3 kh\u00e1ch h\u00e0ng n\u01b0\u1edbc ngo\u00e0i t\u00ecm ki\u1ebfm ngu\u1ed3n cung \u1ee9ng s\u1ea3n ph\u1ea9m v\u00e0 d\u1ecbch v\u1ee5 t\u1ea1i Vi\u1ec7t Nam.<\/li>\n<li><strong>\u0110\u1ea1i di\u1ec7n kinh doanh: <\/strong>L\u00e0 \u0111\u1ed1i t\u00e1c \u0111\u1ecba ph\u01b0\u01a1ng tin c\u1eady c\u1ee7a b\u1ea1n, ch\u00fang t\u00f4i kh\u00f4ng ch\u1ec9 \u0111\u01b0a ra chi\u1ebfn l\u01b0\u1ee3c m\u00e0 c\u00f2n th\u1ef1c thi chi\u1ebfn l\u01b0\u1ee3c. \u0110\u1ed9i ng\u0169 chuy\u00ean gia d\u00e0y d\u1eb7n kinh nghi\u1ec7m c\u1ee7a ch\u00fang t\u00f4i s\u1ebd t\u0103ng t\u1ed1c \u0111\u1ed9 hi\u1ec7n di\u1ec7n tr\u00ean th\u1ecb tr\u01b0\u1eddng v\u00e0 th\u00fac \u0111\u1ea9y doanh nghi\u1ec7p b\u1ea1n \u0111\u1ea1t \u0111\u01b0\u1ee3c s\u1ef1 t\u0103ng tr\u01b0\u1edfng nhanh, \u0111o l\u01b0\u1eddng \u0111\u01b0\u1ee3c v\u00e0 b\u1ec1n v\u1eefng. Ch\u00fang t\u00f4i cung c\u1ea5p \u0111\u1ea7y \u0111\u1ee7 c\u00e1c d\u1ecbch v\u1ee5 h\u1ed7 tr\u1ee3 t\u00f9y ch\u1ec9nh theo nhu c\u1ea7u, bao g\u1ed3m \u0110\u1ea1i di\u1ec7n Th\u01b0\u01a1ng m\u1ea1i, H\u1ed7 tr\u1ee3 Tri\u1ec3n l\u00e3m, Gi\u1edbi thi\u1ec7u S\u1ea3n ph\u1ea9m v\u00e0 D\u1ecbch v\u1ee5 Ti\u1ebfp th\u1ecb K\u1ef9 thu\u1eadt s\u1ed1, \u0111\u1ea3m b\u1ea3o m\u1ecdi m\u1ee5c ti\u00eau m\u1edf r\u1ed9ng c\u1ee7a b\u1ea1n \u0111\u1ec1u \u0111\u01b0\u1ee3c \u0111\u00e1p \u1ee9ng.<\/li>\n<\/ul>\n<h5><strong>Ch\u00fang t\u00f4i am hi\u1ec3u s\u00e2u r\u1ed9ng v\u1ec1 th\u1ecb tr\u01b0\u1eddng:<\/strong><\/h5>\n<ul>\n<li>V\u1edbi h\u01a1n 15 n\u0103m kinh nghi\u1ec7m trong l\u0129nh v\u1ef1c nghi\u00ean c\u1ee9u th\u1ecb tr\u01b0\u1eddng v\u00e0 t\u01b0 v\u1ea5n ph\u00e1t tri\u1ec3n kinh doanh, ch\u00fang t\u00f4i \u0111\u00e3 l\u00e0m vi\u1ec7c v\u1edbi c\u1ea5p qu\u1ea3n l\u00fd c\u1ee7a c\u00e1c c\u00f4ng ty trong nhi\u1ec1u l\u0129nh v\u1ef1c: X\u00e2y d\u1ef1ng, D\u1ea7u kh\u00ed, S\u1ea3n xu\u1ea5t, IT, Gi\u00e1o d\u1ee5c, Y t\u1ebf, N\u00f4ng nghi\u1ec7p, Th\u1ef1c ph\u1ea9m v\u00e0 D\u1ecbch v\u1ee5 t\u1ea1i th\u1ecb tr\u01b0\u1eddng Vi\u1ec7t Nam.<\/li>\n<li>Ch\u00fang t\u00f4i thi\u1ebft k\u1ebf v\u00e0 th\u1ef1c hi\u1ec7n c\u00e1c ch\u01b0\u01a1ng tr\u00ecnh vi\u1ebfng th\u0103m cho nhi\u1ec1u \u0111o\u00e0n th\u01b0\u01a1ng m\u1ea1i vi\u1ebfng th\u0103m, g\u1eb7p g\u1ee1 c\u00e1c \u0111\u1ed1i t\u00e1c kinh doanh ti\u1ec1m n\u0103ng t\u1ea1i Vi\u1ec7t Nam.<\/li>\n<li>Ch\u00fang t\u00f4i l\u00e0m vi\u1ec7c v\u00e0 th\u01b0\u1eddng xuy\u00ean c\u1eadp nh\u1eadt c\u00e1c th\u00f4ng tin v\u1ec1 th\u1ecb tr\u01b0\u1eddng trong nhi\u1ec1u l\u0129nh v\u1ef1c.<\/li>\n<\/ul>\n<h5><strong>ViettradeCompass c\u00f3 nhi\u1ec1u kinh nghi\u1ec7m trong c\u00e1c l\u0129nh v\u1ef1c c\u00f4ng nghi\u1ec7p kh\u00e1c nhau, \u0111\u1eb7c bi\u1ec7t l\u00e0 trong c\u00e1c l\u00e3nh v\u1ef1c sau:<\/strong><\/h5>\n<ul>\n<li>N\u00f4ng Nghi\u1ec7p<\/li>\n<li>C\u00e1c s\u1ea3n ph\u1ea9m v\u1ec1 S\u1eefa<\/li>\n<li>Th\u1ef1c ph\u1ea9m v\u00e0 n\u01b0\u1edbc gi\u00e0i kh\u00e1t<\/li>\n<li>H\u00e0ng ti\u00eau d\u00f9ng<\/li>\n<li>S\u1ea3n xu\u1ea5t<\/li>\n<li>M\u00f4i tr\u01b0\u1eddng<\/li>\n<li>Ch\u0103m s\u00f3c s\u1ee9c kh\u1ecfe<\/li>\n<li>Gi\u00e1o d\u1ee5c<\/li>\n<li>D\u1ecbch v\u1ee5<\/li>\n<li>X\u00e2y d\u1ef1ng<\/li>\n<li>C\u00f4ng ngh\u1ec7 Th\u00f4ng tin<\/li>\n<\/ul>\n","protected":false},"excerpt":{"rendered":"<p>D\u1ecbch v\u1ee5 c\u1ee7a ch\u00fang t\u00f4i bao g\u1ed3m: X\u00fac ti\u1ebfn th\u01b0\u01a1ng m\u1ea1i, ph\u00e1t tri\u1ec3n th\u1ecb tr\u01b0\u1eddng:&#8230;<\/p>\n","protected":false},"author":1,"featured_media":823,"parent":0,"menu_order":0,"comment_status":"closed","ping_status":"closed","template":"","meta":{"footnotes":""},"lang":"vi","translations":{"vi":17,"en":14},"pll_sync_post":[],"_links":{"self":[{"href":"https:\/\/viettradecompass.com\/index.php\/wp-json\/wp\/v2\/pages\/17"}],"collection":[{"href":"https:\/\/viettradecompass.com\/index.php\/wp-json\/wp\/v2\/pages"}],"about":[{"href":"https:\/\/viettradecompass.com\/index.php\/wp-json\/wp\/v2\/types\/page"}],"author":[{"embeddable":true,"href":"https:\/\/viettradecompass.com\/index.php\/wp-json\/wp\/v2\/users\/1"}],"replies":[{"embeddable":true,"href":"https:\/\/viettradecompass.com\/index.php\/wp-json\/wp\/v2\/comments?post=17"}],"version-history":[{"count":57,"href":"https:\/\/viettradecompass.com\/index.php\/wp-json\/wp\/v2\/pages\/17\/revisions"}],"predecessor-version":[{"id":809,"href":"https:\/\/viettradecompass.com\/index.php\/wp-json\/wp\/v2\/pages\/17\/revisions\/809"}],"wp:featuredmedia":[{"embeddable":true,"href":"https:\/\/viettradecompass.com\/index.php\/wp-json\/wp\/v2\/media\/823"}],"wp:attachment":[{"href":"https:\/\/viettradecompass.com\/index.php\/wp-json\/wp\/v2\/media?parent=17"}],"curies":[{"name":"wp","href":"https:\/\/api.w.org\/{rel}","templated":true}]}}